0. List the prime factors of n.
2, 5, 7
Let z(u) = u**2 - 1. Let w be z(2). Let j(v) = v**2 + 7*v. Let b(l) = -2*l**2 - 9*l. Let k(s) = -3*b(s) - 4*j(s). List the prime factors of k(w).
3, 5
Let t be 46/(-10) + 1*(-15)/(-25). Let x be (-2)/(-9) - 1768/18. What are the prime factors of x/t - 1/2?
2, 3
Suppose 6*s = 580 + 956. Suppose 0 = -2*h - 3*h - 3*k + s, k - 52 = -h. What are the prime factors of h?
2, 5
Let o = 350 - 133. Suppose 0 = -5*q + 2*r + 379, -2*q - o = -5*q - 4*r. List the prime factors of q.
3, 5
Suppose 142*a + 32110 = 168*a. What are the prime factors of a?
5, 13, 19
Suppose 0 = 5*b - 0*b + 15, 0 = -p + 3*b + 33. Suppose z - 78 = -p. What are the prime factors of z?
2, 3
Let m(g) = g**2 + 4*g - 5. Let t be m(-6). Suppose t - 5 = 2*d. List the prime factors of 4 - (d + -1 + 1).
3
Suppose 3*w - 206 + 20 = 0. What are the prime factors of (w/2)/(-6 - -7)?
31
Suppose -2*u = f - 32, 5*u - 41 - 26 = 4*f. Let w be 1/5 + 297/u. Suppose -1 = -j + w. What are the prime factors of j?
3, 7
Let j = -208 + 126. Let t = -368 + 246. Let h = j - t. List the prime factors of h.
2, 5
List the prime factors of (-2)/(-16) + 391/136.
3
Let m = -24 + -9. List the prime factors of m/77 - (-454)/14.
2
Suppose g - 3*a - 113 + 27 = 0, 0 = -5*g + 4*a + 419. Suppose -5*k = 2*i - g, -i = 3*k - 40 - 9. List the prime factors of 6*k/2 + 0.
3, 5
Let r = -132 - -240. Suppose -7*a + 4 = -r. What are the prime factors of a?
2
Suppose 10 = 2*u + 3*k, -2*k - 10 = -2*u - 3*k. Suppose -p + 37 = 3*g - 2*g, -p = -2*g + 74. Suppose -122 + g = -u*m. List the prime factors of m.
17
Let v be (-2)/5 + (-2751)/35. Let u = -28 - v. List the prime factors of u.
3, 17
Let s = -47 + 50. Suppose -s*w + 153 = -138. List the prime factors of w.
97
Let n be (-96)/18*(-27)/4. Let i be (-2)/2*n/(-9). Suppose -42 + 190 = i*u. List the prime factors of u.
37
Suppose -2*v = 3*d - 23, 5*v + 0*v = 5*d - 5. Suppose 83 - 363 = -d*b. List the prime factors of b.
2, 7
Let u(x) = 156*x**2 - 2*x + 2. Let d = -1 + 2. Let m be u(d). What are the prime factors of (-379)/(-13) - 24/m?
29
Let a be (1/2)/(14/(-28)). Let d(y) = -138*y - 4. List the prime factors of d(a).
2, 67
Suppose -5*k = -5*d + 5960, 3*d + 8*k - 3*k - 3544 = 0. List the prime factors of d.
2, 3, 11
Let n(a) = -14*a - 86. Let h be n(21). Let d = h + 601. What are the prime factors of d?
13, 17
Let d(l) = l + 7. Let i be d(-6). Suppose 4 = -g + 10. Suppose r = -i + g. What are the prime factors of r?
5
Let j = 765 + -515. List the prime factors of j.
2, 5
Let v(w) = 27*w + 1. Let c be -4 - (-24)/((-16)/(-4)). What are the prime factors of v(c)?
5, 11
Let l(k) = 4*k + 5. Let z be l(-4). Let b be (-12)/30 - 326/10. What are the prime factors of (b/z)/(6/8)?
2
Let c(w) = -9*w**3 + 10*w**2 - 20*w + 19. Let g(j) = 5*j**3 - 5*j**2 + 10*j - 9. Let r(m) = -6*c(m) - 11*g(m). List the prime factors of r(-7).
13
Let b(s) = 3 - 3*s - 2*s + 5*s + s**2. Let w be b(0). Suppose w*u + 5 = 14. What are the prime factors of u?
3
Suppose 60*c - 57*c = 12. Suppose q + c = 0, 0 = -g - 5*q + 3*q + 196. What are the prime factors of g?
2, 3, 17
Let v(n) = -2*n + 102. Let g be v(0). Suppose -2*s + 4*s - g = 3*j, 4*j = s - 56. What are the prime factors of s?
2, 3
Let b = 291 - -41. What are the prime factors of b?
2, 83
Suppose 3*u - 8*u + 1286 = 3*w, 5*u - 1298 = w. List the prime factors of u.
7, 37
Let d = 87 + 55. Let q = d - 75. What are the prime factors of q?
67
Suppose -64 + 24 = 4*r. Let p = r - -16. Suppose -3*d + 30 = -p. List the prime factors of d.
2, 3
Let x = 484 - 465. What are the prime factors of x?
19
Suppose -170 = -15*j - 50. Let b(u) = 4*u + 2. Let w be b(5). Let y = w + j. What are the prime factors of y?
2, 3, 5
Suppose 152 = 2*r - 5*i, 0 = -3*r - 0*i + i + 254. Let p = r + -14. What are the prime factors of p?
2, 3
Suppose -4*c - 3*d + 2277 = 0, 11 - 6 = -d. Suppose -4*s - j + 779 = 0, -6*s - 3*j + c = -3*s. List the prime factors of s.
2, 7
Let u(f) be the second derivative of 4*f - 1/2*f**2 - 1/4*f**4 + 2/3*f**3 + 1/20*f**5 + 0. List the prime factors of u(4).
31
Suppose 59*y - 58*y = -1, 5*y - 5152 = -3*s. List the prime factors of s.
3, 191
Suppose -3*n + q = -14, -3*n + 0*n - q + 10 = 0. Suppose 140 = 3*h + n*c, -58 - 120 = -4*h - c. List the prime factors of h/(3/((-9)/(-6))).
2, 11
Let s(a) = 13*a - 2. Suppose 3*j - t = -0*j + 26, 3*t = j - 22. Let h(o) = -13*o + 2. Let r(i) = j*h(i) + 6*s(i). List the prime factors of r(-2).
2, 7
Let d(s) = -6*s + 51. Let j be d(8). Suppose j*q + 2*p = 887 - 155, 3*q = 4*p + 732. What are the prime factors of q?
2, 61
Let d(j) = 4*j**2 + 9 + 0 + 3*j - 5. What are the prime factors of d(-4)?
2, 7
Let s(i) = 12*i + 7. Suppose 5*v - 11 = 4. Suppose 5*c = h - 23, -h - 8 = v*h + 5*c. What are the prime factors of s(h)?
43
Let o(d) = d + 8. Let t(j) = -j**3 - 7*j**2 - 8*j - 8. Let l be t(-6). Let s be o(l). What are the prime factors of s/(-28) + (-129)/(-7)?
2, 3
Let r = -15 + 9. Let g be r + 63 - (-4)/(-2). Suppose -g - 105 = -5*d. What are the prime factors of d?
2
Suppose 4*l + 818 = 2*a, -2*l + 2*a + 798 = -6*l. Let r = 84 - l. What are the prime factors of r?
2, 11, 13
Let i(n) = -n**2 - 4*n + 1. Let b be i(-7). Let k be 1/2 - 570/b. Suppose -2*a + 4*w = -101 + k, 52 = 2*a + w. What are the prime factors of a?
2, 7
Suppose 11 = -g + 3*z + 1, 4*g = -5*z + 45. Suppose 63 = g*f - 52. List the prime factors of f.
23
Suppose -690 = 5*d + 5*t, -7*d + 3*d = 5*t + 553. Let o = 216 + d. What are the prime factors of o?
79
Let v(c) = -c**2 + 8*c + 10. Let g be v(7). Suppose -12*l = -g*l. Suppose -2*x - 5*r + 59 = l, 3*x - 79 = x - r. List the prime factors of x.
2, 3, 7
Suppose -10322 = -30*k + 17*k. What are the prime factors of k?
2, 397
Suppose -36*r = -39*r + 117. Suppose -r = -n + 3*u, 4*n - 2*n - 5*u - 82 = 0. List the prime factors of n.
3, 17
Let c = -399 + 637. What are the prime factors of c?
2, 7, 17
List the prime factors of (-456)/(-38) - 2563/(-1).
5, 103
Let f = 697 - -704. List the prime factors of f.
3, 467
Let u(c) = c**2 - 5*c - 6. Let r be u(7). Let q = -1 + 7. Suppose -q*w + r = -4*w. What are the prime factors of w?
2
Let n be (11 - -5)/(2 - 0). List the prime factors of (-156)/n*4/(-3).
2, 13
Let m(k) = 4*k**3 - 16*k**2 - 2*k + 9. What are the prime factors of m(8)?
3, 113
Suppose 0*t = 13*t - 6370. What are the prime factors of t?
2, 5, 7
Let x(q) = -2233*q + 176. What are the prime factors of x(-2)?
2, 11, 211
Let b(v) = -51*v + 49. Let t(l) = -13*l + 12. Let g(r) = 2*b(r) - 9*t(r). List the prime factors of g(11).
5, 31
Suppose -4*d + 160 = 2*p - 568, -364 = -2*d + 2*p. Let f = d + -120. What are the prime factors of f?
2, 31
Suppose 3*c = 5*c - 6. Suppose 0*o = 5*v - c*o - 98, 4*v - 3*o - 79 = 0. Suppose 0 = 16*l - v*l + 18. What are the prime factors of l?
2, 3
Let s(a) = 28*a**2 + a - 9. List the prime factors of s(4).
443
Suppose -4*o + 420 = 4*h, -4*o + 10 = -10. Suppose -3*m - h + 307 = 0. List the prime factors of m.
3, 23
Let t = -802 - -1678. Suppose 5*p - 3*m = -2*m + 1104, 0 = -4*p - m + t. Suppose -4*s - p = -8*s. What are the prime factors of s?
5, 11
Let r(k) = -k**3 + 9*k**2 + 12*k - 16. Let y be r(10). Suppose -1221 = -y*s + 123. What are the prime factors of s?
2, 3, 7
Let j(q) be the third derivative of q**5/15 - 7*q**4/24 + q**3/3 - 41*q**2. What are the prime factors of j(10)?
2, 83
Let h = 3213 + -1829. List the prime factors of h.
2, 173
Suppose -d + 3342 = -y, 5*d + 9*y - 13355 = d. List the prime factors of d.
13, 257
List the prime factors of 21/(-42)*(6 - 0) + 777.
2, 3, 43
Suppose -814 = -150*b + 149*b. What are the prime factors of b?
2, 11, 37
Suppose -2*j + 4 = 58. What are the prime factors of (-6)/j + 2555/45?
3, 19
Suppose 0 = 5*n - 219 - 691. What are the prime factors of n?
2, 7, 13
Let p be -2*-1*(-14)/(-4). Let n(v) = -6*v**2 - 17*v - 11*v - v**3 + 21*v - p. What are the prime factors of n(-5)?
3
Let q(h) = -5*h**2 - 36*h + 22. Let m(i) be the first derivative of -i**3 - 12*i**2 + 15*i + 3. Let w(r) = 8*m(r) - 5*q(r). List the prime factors of w(12).
2, 5
Let x = -60 + 43. Let z = -57 - x. Let s = 6 - z. What are the prime factors of s?
2, 23
Let u(b) = -b**3 - 6*b**2 - 7*b - 6. Let p be u(-4). Let h = p - -11. What are the prime fac